e number?
False
Suppose -3*b = -i - 2*i - 18, -b - 5*i = 0. Let v(n) = 10*n - 6*n + 27*n. Is v(b) a prime number?
False
Let t(o) = 457*o**2 + 16*o + 176. Is t(-13) prime?
True
Suppose 246503 = -23*v + 1296798. Is v composite?
True
Let h(f) = 16*f + 13. Let i be 6 - (4 + -3 - -1). Is h(i) composite?
True
Let r(t) = -t**3 - 3*t**2 + 3*t - 17. Let c = -29 + 22. Is r(c) composite?
True
Suppose 14030 = 2*g + 2*q, 0 = -5*g + q - 0*q + 35099. Is g a composite number?
False
Let v be 1/((20/(-8804))/(-5)). Suppose 5*b = v + 6804. Is b composite?
False
Suppose -6*m + 5*m = -128. Suppose m = w + 12. Is w + 0 + (-12)/(-4) a composite number?
True
Suppose 7*f = 6*f - 3*y + 56, 0 = -5*f - 3*y + 256. Let t(b) = b**3 - 3*b**2 + 2*b - 2. Let l be t(3). Suppose -l*o + f = o. Is o a composite number?
True
Suppose 0 = q + 52 + 17. Let n = q + 115. Is n prime?
False
Suppose -4*v = -2*z - 2 - 2, 3*z = -5*v + 38. Let o be (-1*3)/(z/4). Is (-4)/6*1011/o composite?
False
Suppose 2*z + 2970 = -9*z. Is 4 + (-7 - -4 - z) a prime number?
True
Let a(x) = 294*x**3 + 4*x**2 - 5*x. Is a(1) a composite number?
False
Let b = -7 + -478. Let u = -307 - b. Is u prime?
False
Let s be 68*(-1 + (-4)/(-2)). Let n(j) = 5 + 25*j - s*j + 1. Is n(-7) a prime number?
True
Suppose -6*k = 9*k - 92085. Is k prime?
False
Suppose 4*v - 515*z + 511*z - 14400 = 0, 0 = -3*v - 4*z + 10793. Is v composite?
True
Let o(p) = p**2 - 8*p - 15. Let h be o(8). Let m be (-1 + 31/(-3))*h. Is (-20)/m - (-6649)/17 a prime number?
False
Let v be 54*-2*111/18. Let a = 1 - v. Is a prime?
False
Suppose -2*o + 4*w = 14, -2*w = -4*o - 4*w - 8. Let m be -2*(-16 + 4 + o). Suppose -3*s - k + m - 1 = 0, -2*s + 4*k + 38 = 0. Is s a composite number?
False
Let c(i) be the third derivative of 9*i**4/4 + 17*i**3/6 + 14*i**2. Is c(11) a composite number?
True
Let w(p) = p**3 + 17*p**2 - 19*p - 21. Let d be w(-18). Let l be 2/d*1*-3. Suppose 17 = u + 5*t - 4, 0 = -l*u - 4*t + 30. Is u a composite number?
False
Let y = -238202 + 404265. Is y composite?
False
Suppose 5*r = -5*p + 455, -4*r - p = -213 - 139. Let n = 193 - r. Is n prime?
False
Let t(r) = r**2 + 2*r + 214. Suppose 2*p = p + 3. Suppose -p*z = -8*z. Is t(z) composite?
True
Let y(f) = f + 16. Let t be ((-21)/9)/(2/12). Let u be y(t). Suppose -2*v + 1180 = u*v. Is v composite?
True
Suppose 0 = 5*v - 0*v + 100. Is (57/(-2))/(6/v) prime?
False
Suppose -a = -2*g + 2, 4*g + 15 = -5*a + 47. Suppose 0 = -g*b + 43 + 56. Let i = 152 + b. Is i prime?
False
Suppose -7*v = -48 + 34. Is v/(-9) - 5746/36*-2 a prime number?
False
Let b(a) be the third derivative of 407*a**5/12 + a**4/4 + 2*a**3/3 - 2*a**2. Is b(-1) composite?
True
Let o = 231 + -42. Let p = 928 - o. Is p composite?
False
Let d(n) = 743*n**2 + n + 2. Let f be d(-1). Is 2 + (-7)/1 + f prime?
True
Suppose 5*i = -17110 + 88715. Is i composite?
False
Suppose 5*w - 474 = -3*x + 804, 2*x = -4*w + 852. Let o = x + 3727. Is o composite?
False
Suppose -4*r - 5 = 7. Suppose 4*o + 23 - 64 = -q, 3*o + 3*q - 42 = 0. Is (-2)/r - (-3297)/o prime?
True
Let v(u) = -68*u**2 - 15. Let i be v(-6). Let l = i - -4120. Is l prime?
True
Let x = 28698 - 18721. Is x a prime number?
False
Let z(h) = -3*h - 15. Suppose 12 = -v + 6. Let j be z(v). Suppose j*t = 1264 + 695. Is t a composite number?
False
Suppose 11*o + 5 = 16*o. Is (2/(-5))/(o - (-2352)/(-2345)) a prime number?
False
Let m be (6/5)/((-11)/(-5610)). Let w = m - -11. Is w a prime number?
False
Let o = -23323 + 32856. Is o composite?
False
Let q = 55 + -107. Let v = q + 155. Is v composite?
False
Suppose 2391 = o - 2906. Is o prime?
True
Suppose -23 = -4*m + 5*r - 5, -6 = m + 4*r. Suppose 11*j = -m*j + 31109. Is j prime?
True
Let y(o) = o**2 - o - 21. Suppose 36 = -5*i - 44. Is y(i) composite?
False
Let y be 132 + 6/(-3) + 0. Let j = 6 + -47. Let f = y + j. Is f a prime number?
True
Suppose -2*y + j + 8 = 0, 0 = 3*y - 4*j - 8 - 4. Suppose d + 160675 = -y*q, -5*q - 5*d - 200825 = -0*d. Is q/(-24) - 3/4 prime?
False
Let p(j) = 2542*j - 5. Is p(3) a composite number?
False
Let x = 18 - 15. Suppose 5*k - 3343 = 4*c, -411 = 3*k - x*c - 2418. Is k a prime number?
False
Suppose -5*s = -2*i - 4*s - 320, s = 4*i + 644. Suppose 3*h - 709 - 180 = j, -4*h - j + 1176 = 0. Let l = h + i. Is l a composite number?
True
Suppose 20 = -d - 3*n, 3*n + 1 = 2*d - 4. Let j(z) = 47*z**2 + 2*z. Is j(d) prime?
False
Suppose 0 = -r - 2. Let z be 0*(-4)/8*r. Suppose -d - 1172 = -5*h, z*d = 4*h + 3*d - 949. Is h composite?
True
Suppose s = -2*q + 9382, 48*q - 44*q - 18764 = 5*s. Is q a prime number?
True
Let o(n) = 459*n + 166. Is o(5) composite?
True
Let h = -80 - -80. Let s(o) be the third derivative of o**6/120 - o**5/60 + 7*o**3/2 - o**2. Is s(h) composite?
True
Let v(y) = y - 304. Let a be v(0). Let i(m) = 80*m - 23. Let s be i(8). Let u = s - a. Is u a composite number?
True
Let j(r) = -174*r - 46. Let u be j(9). Let w = 2361 + u. Is w prime?
False
Suppose -9*t = -10*t - 1. Is (2 + -2 - t)*1249 a composite number?
False
Let k(c) = 9*c**2 + 36*c + 50. Is k(-15) a composite number?
True
Suppose 4*h - q = 22 - 7, 2*h + 5*q = 35. Suppose 19 = h*x + 4*b - 0*b, 5 = 5*b. Suppose x*p - 110 - 313 = 0. Is p composite?
True
Let p = -3226 - -1749. Let x = p - -3036. Is x prime?
True
Let p be 3814/4*(10 + -4). Suppose -8*i = -5*i - p. Is i a composite number?
False
Suppose 4*w = -o + 58384, -3*o + 58376 = w + 3*w. Is w a prime number?
False
Suppose 5926 + 20212 = 7*b. Is b composite?
True
Let o(t) = -t**3 - 4*t**2 - 8*t + 0*t**3 - 14 - 2. Is o(-7) a prime number?
False
Suppose 0 = -2*i + 4, -2*w + 2*i + 19668 = -20818. Is w a prime number?
False
Let r be 6*(531/(-6) + -1). Suppose 0 = -g - 2*g + 4*m - 754, 3*g + 748 = -2*m. Let x = g - r. Is x a prime number?
False
Let z = -8 - -28. Suppose -z = h - 5*v, h - 25 = -3*h - v. Is (-586)/(-10) + 2/h a composite number?
False
Let j be ((-12)/2)/3 + 30330. Suppose -6*k - 2*k = -j. Is k composite?
True
Suppose -1382677 = -44*g + 1332783. Is g a composite number?
True
Suppose 5*c + 3*h - 79 = 0, -3*c + h = 4*h - 51. Suppose 6*a - 4*a - c = 0. Let r = 64 - a. Is r a prime number?
False
Let a = 9141 - -9806. Is a a composite number?
False
Let o(h) = 50*h**2 - 3*h + 1. Let w be o(2). Suppose -w = 2*d - 1865. Is d prime?
False
Is ((-3896613)/77)/(-9) + (-4)/(-22) prime?
True
Let h = 975 + -236. Is h a prime number?
True
Suppose 3*z - 33623 = 4*m, 3*m - 27513 = -5*z + 28535. Is z prime?
False
Let q = -94 + 61. Let w = -5 + q. Is (w/(-3))/((-12)/(-126)) a prime number?
False
Let a = 77 + -79. Let f(c) = -527*c + 13. Is f(a) prime?
False
Let t(n) = -11*n**2 - 10*n - 24. Let c be t(-3). Let q = 592 + c. Is q prime?
True
Let w = 12 + -2. Let d be w - (0 + -1 - 1). Is (-4)/(d/9)*-139 prime?
False
Let j be ((-1)/4*0)/2. Let u be j + 2 + (-3 - -5). Suppose 5 = l - h, 0*h + u*h + 8 = 0. Is l a prime number?
True
Let y(b) = -3*b**3 + 7*b**2 - 10*b - 5. Let z be y(-6). Suppose 0 = 7*u - 2*u - z. Is u composite?
False
Suppose 3*v = 4*u + 105301, -5*u + 105292 = 3*v - 0*u. Is v composite?
False
Is ((-2)/(-4))/(1/(-6)) + 5630 prime?
False
Suppose 3*b - a = -5*a + 895, b + 5*a = 313. Is b prime?
True
Let r(j) = -3261*j + 2. Is r(-19) composite?
False
Suppose 2*t - 7*t + 25 = 0. Let c = -208 + 485. Suppose 5*q + t*s = c + 508, 479 = 3*q + s. Is q a composite number?
True
Suppose -l + 70 - 6 = -4*s, 2*l - 23 = s. Is -22*1458/s + (-6)/15 prime?
False
Let n be 248 - -3 - (3 + -1). Let t = 484 - n. Is t composite?
True
Suppose -23*r + 18*r = -25. Suppose 979 = -r*a + 6*a. Is a prime?
False
Let f = 167 + 19. Let r be 1*(-4)/(-8)*f. Suppose p + s = 5*p - r, 108 = 4*p - 4*s. Is p a prime number?
False
Let l(x) = -3180*x + 221. Is l(-8) a prime number?
False
Let q = 49 - 33. Let r(z) = q - 3 - 10 + 3*z + 67*z**2. Is r(-2) prime?
False
Suppose 2*k - 2*r = 146, 0 = -4*r - r - 10. Let g = -9 + 49. Let i = k - g. Is i composite?
False
Is 33913 - (-8 + 4 + 0 + 6) composite?
False
Let d = -143 - -144. Suppose 0*h = -5*h. Is 202 + d - h/4 composite?
True
Suppose -3*k + 7357 = 4*l, 7339 = 6*l - 2*l - 3*k. Is l a composite number?
True
Suppose 58*b - 137440 = 4500646. Is b prime?
True
Is (28218/(-8) - 0)*(-96)/72 composite?
False
Let i = -91 + 140. Let o = i + -12. Is o composite?
False
Let p = 7088 - 2649.